{"id":29185,"date":"2023-09-27T14:29:24","date_gmt":"2023-09-27T14:29:24","guid":{"rendered":"https:\/\/www.saralinatacado.com.br\/loja\/?post_type=product&#038;p=29185"},"modified":"2023-09-27T14:29:25","modified_gmt":"2023-09-27T14:29:25","slug":"extensao-eletrica-3-metros-bivolt-preto-3-tomada","status":"publish","type":"product","link":"https:\/\/www.saralinatacado.com.br\/loja\/produto\/extensao-eletrica-3-metros-bivolt-preto-3-tomada\/","title":{"rendered":"Extens\u00e3o El\u00e9trica 3 Metros Bivolt Preto 3 Tomada"},"content":{"rendered":"<p>##Filtro extens\u00e3o de Linha foi desenvolvido para proteger os aparelhos eletroeletr\u00f4nicos contra sobretens\u00e3o, sobrecorrente e ru\u00eddos na rede el\u00e9trica, al\u00e9m de facilitar a liga\u00e7\u00e3o de v\u00e1rios aparelhos em uma s\u00f3 tomada.<br \/>\nS\u00e3o produzidos em material antichamas, possuem chave liga-desliga, led indicador de funcionamento, fus\u00edvel com suporte para f\u00e1cil troca, e suporte para fixa\u00e7\u00e3o.<\/p>\n<p>## FILTRO DE LINHA 3 Tomada Filtro Linha Bivolt##<\/p>\n<p>**Caracter\u00edsticas**<\/p>\n<p>*Bivolt 127\/220v;<br \/>\n*Cabo de For\u00e7a PVC\/Cobre de 3 Metros;<br \/>\n*Tens\u00e3o 1270va em 127v;<br \/>\n*Tens\u00e3o 2200va em 220v;<br \/>\n*Abas para fixa\u00e7\u00e3o;<\/p>\n","protected":false},"excerpt":{"rendered":"<p>##Filtro extens\u00e3o de Linha foi desenvolvido para proteger os aparelhos eletroeletr\u00f4nicos contra sobretens\u00e3o, sobrecorrente e ru\u00eddos na rede el\u00e9trica, al\u00e9m de facilitar a liga\u00e7\u00e3o de v\u00e1rios aparelhos em uma s\u00f3 tomada. S\u00e3o produzidos em material antichamas, possuem chave liga-desliga, led indicador de funcionamento, fus\u00edvel com suporte para f\u00e1cil troca, e suporte para fixa\u00e7\u00e3o. ## FILTRO [&hellip;]\n","protected":false},"featured_media":29187,"comment_status":"open","ping_status":"closed","template":"","meta":{"_bbp_topic_count":0,"_bbp_reply_count":0,"_bbp_total_topic_count":0,"_bbp_total_reply_count":0,"_bbp_voice_count":0,"_bbp_anonymous_reply_count":0,"_bbp_topic_count_hidden":0,"_bbp_reply_count_hidden":0,"_bbp_forum_subforum_count":0,"_joinchat":[]},"product_brand":[],"product_cat":[100],"product_tag":[],"class_list":{"0":"post-29185","1":"product","2":"type-product","3":"status-publish","4":"has-post-thumbnail","6":"product_cat-alimentacao","8":"first","9":"instock","10":"taxable","11":"shipping-taxable","12":"purchasable","13":"product-type-simple"},"_links":{"self":[{"href":"https:\/\/www.saralinatacado.com.br\/loja\/wp-json\/wp\/v2\/product\/29185","targetHints":{"allow":["GET"]}}],"collection":[{"href":"https:\/\/www.saralinatacado.com.br\/loja\/wp-json\/wp\/v2\/product"}],"about":[{"href":"https:\/\/www.saralinatacado.com.br\/loja\/wp-json\/wp\/v2\/types\/product"}],"replies":[{"embeddable":true,"href":"https:\/\/www.saralinatacado.com.br\/loja\/wp-json\/wp\/v2\/comments?post=29185"}],"wp:featuredmedia":[{"embeddable":true,"href":"https:\/\/www.saralinatacado.com.br\/loja\/wp-json\/wp\/v2\/media\/29187"}],"wp:attachment":[{"href":"https:\/\/www.saralinatacado.com.br\/loja\/wp-json\/wp\/v2\/media?parent=29185"}],"wp:term":[{"taxonomy":"product_brand","embeddable":true,"href":"https:\/\/www.saralinatacado.com.br\/loja\/wp-json\/wp\/v2\/product_brand?post=29185"},{"taxonomy":"product_cat","embeddable":true,"href":"https:\/\/www.saralinatacado.com.br\/loja\/wp-json\/wp\/v2\/product_cat?post=29185"},{"taxonomy":"product_tag","embeddable":true,"href":"https:\/\/www.saralinatacado.com.br\/loja\/wp-json\/wp\/v2\/product_tag?post=29185"}],"curies":[{"name":"wp","href":"https:\/\/api.w.org\/{rel}","templated":true}]}}

Extensão Elétrica 3 Metros Bivolt Preto 3 Tomada

<p>##Filtro extensão de Linha foi desenvolvido para proteger os aparelhos eletroeletrônicos contra sobretensão, sobrecorrente e ruídos na rede elétrica, além de facilitar a ligação de vários aparelhos em uma só tomada.<br />
São produzidos em material antichamas, possuem chave liga-desliga, led indicador de funcionamento, fusível com suporte para fácil troca, e suporte para fixação.</p>
<p>## FILTRO DE LINHA 3 Tomada Filtro Linha Bivolt##</p>
<p>**Características**</p>
<p>*Bivolt 127/220v;<br />
*Cabo de Força PVC/Cobre de 3 Metros;<br />
*Tensão 1270va em 127v;<br />
*Tensão 2200va em 220v;<br />
*Abas para fixação;</p>

<p>##Filtro extensão de Linha foi desenvolvido para proteger os aparelhos eletroeletrônicos contra sobretensão, sobrecorrente e ruídos na rede elétrica, além de facilitar a ligação de vários aparelhos em uma só tomada. São produzidos em material antichamas, possuem chave liga-desliga, led indicador de funcionamento, fusível com suporte para fácil troca, e suporte para fixação. ## FILTRO [&hellip;]
