{"id":29169,"date":"2023-09-27T14:01:38","date_gmt":"2023-09-27T14:01:38","guid":{"rendered":"https:\/\/www.saralinatacado.com.br\/loja\/?post_type=product&#038;p=29169"},"modified":"2023-09-27T14:01:38","modified_gmt":"2023-09-27T14:01:38","slug":"cabo-de-rede-cat-6-24awp-azul-15m-montado","status":"publish","type":"product","link":"https:\/\/www.saralinatacado.com.br\/loja\/produto\/cabo-de-rede-cat-6-24awp-azul-15m-montado\/","title":{"rendered":"Cabo De Rede Cat.6 24awp Azul 15m Montado"},"content":{"rendered":"<p>Cor do produto: Azul<br \/>\nTamanho: 15 METROS<br \/>\nImagem ilustrativa<\/p>\n<p>O cabo de rede patch cord CAT6 com plugue modulador RJ45 e um cabo crimpado de forma industrial com capa injetada que garante maior qualidade e desempenho no cabeamento estruturado. Trafega dados em alta velocidade sendo ideal para conectar pontos de rede em esta\u00e7\u00e3o de trabalho e os Patch Panels aos equipamentos ativos da rede, como switches, roteadores, entre outros.<\/p>\n<p>Se sua internet tem a velocidade maior que 100 mega e indispens\u00e1vel o uso do cabo de rede categoria 6 para que voc\u00ea tenha o melhor desempenho poss\u00edvel !<\/p>\n<p>Detalhes:<br \/>\n* Caracter\u00edsticas T\u00e9cnicas<br \/>\nCabo ethernet CAT6, conector tipo RJ45<br \/>\nT\u00e9cnologia de transfer\u00eancia de dados e confiabilidade em suas conex\u00f5es.<\/p>\n<p>* Utiliza\u00e7\u00e3o<br \/>\nConex\u00f5es em rede<br \/>\nComputador<br \/>\nVideo Game<br \/>\nTv Smart<br \/>\nE Outros<\/p>\n<p>* Informa\u00e7\u00f5es T\u00e9cnicas<br \/>\nCategoria de aplica\u00e7\u00e3o &#8211; Transfer\u00eancia de dados<br \/>\nComprimento Nominal: 15 Metros<br \/>\nMaterial de revestimento externo &#8211; PVC<br \/>\nCamada de prote\u00e7\u00e3o &#8211; Capa de PVC<br \/>\nTipo de conectores \/ interface RJ45<br \/>\n&#8211; Ponta A RJ45<br \/>\n&#8211; Ponta B RJ45<\/p>\n<p>Acabamento dos conectores &#8211; Conectores com travas<br \/>\nTaxa de transfer\u00eancia de dados &#8211; Gigabit<br \/>\nTemperatura de opera\u00e7\u00e3o<br \/>\nTemperatura de armazenamento<br \/>\nFiltro toroidal &#8211; N\u00e3o<\/p>\n","protected":false},"excerpt":{"rendered":"<p>Cor do produto: Azul Tamanho: 15 METROS Imagem ilustrativa O cabo de rede patch cord CAT6 com plugue modulador RJ45 e um cabo crimpado de forma industrial com capa injetada que garante maior qualidade e desempenho no cabeamento estruturado. Trafega dados em alta velocidade sendo ideal para conectar pontos de rede em esta\u00e7\u00e3o de trabalho [&hellip;]\n","protected":false},"featured_media":29171,"comment_status":"open","ping_status":"closed","template":"","meta":{"_bbp_topic_count":0,"_bbp_reply_count":0,"_bbp_total_topic_count":0,"_bbp_total_reply_count":0,"_bbp_voice_count":0,"_bbp_anonymous_reply_count":0,"_bbp_topic_count_hidden":0,"_bbp_reply_count_hidden":0,"_bbp_forum_subforum_count":0,"_joinchat":[]},"product_brand":[],"product_cat":[106],"product_tag":[],"class_list":{"0":"post-29169","1":"product","2":"type-product","3":"status-publish","4":"has-post-thumbnail","6":"product_cat-cabos","8":"first","9":"instock","10":"taxable","11":"shipping-taxable","12":"purchasable","13":"product-type-simple"},"_links":{"self":[{"href":"https:\/\/www.saralinatacado.com.br\/loja\/wp-json\/wp\/v2\/product\/29169","targetHints":{"allow":["GET"]}}],"collection":[{"href":"https:\/\/www.saralinatacado.com.br\/loja\/wp-json\/wp\/v2\/product"}],"about":[{"href":"https:\/\/www.saralinatacado.com.br\/loja\/wp-json\/wp\/v2\/types\/product"}],"replies":[{"embeddable":true,"href":"https:\/\/www.saralinatacado.com.br\/loja\/wp-json\/wp\/v2\/comments?post=29169"}],"wp:featuredmedia":[{"embeddable":true,"href":"https:\/\/www.saralinatacado.com.br\/loja\/wp-json\/wp\/v2\/media\/29171"}],"wp:attachment":[{"href":"https:\/\/www.saralinatacado.com.br\/loja\/wp-json\/wp\/v2\/media?parent=29169"}],"wp:term":[{"taxonomy":"product_brand","embeddable":true,"href":"https:\/\/www.saralinatacado.com.br\/loja\/wp-json\/wp\/v2\/product_brand?post=29169"},{"taxonomy":"product_cat","embeddable":true,"href":"https:\/\/www.saralinatacado.com.br\/loja\/wp-json\/wp\/v2\/product_cat?post=29169"},{"taxonomy":"product_tag","embeddable":true,"href":"https:\/\/www.saralinatacado.com.br\/loja\/wp-json\/wp\/v2\/product_tag?post=29169"}],"curies":[{"name":"wp","href":"https:\/\/api.w.org\/{rel}","templated":true}]}}