{"id":29158,"date":"2023-09-26T19:54:17","date_gmt":"2023-09-26T19:54:17","guid":{"rendered":"https:\/\/www.saralinatacado.com.br\/loja\/?post_type=product&#038;p=29158"},"modified":"2023-09-26T19:54:17","modified_gmt":"2023-09-26T19:54:17","slug":"cabo-de-rede-cat6-3-metros-ethernet-lan-giga-10-1000","status":"publish","type":"product","link":"https:\/\/www.saralinatacado.com.br\/loja\/produto\/cabo-de-rede-cat6-3-metros-ethernet-lan-giga-10-1000\/","title":{"rendered":"Cabo De Rede Cat6 3 Metros Ethernet Lan Giga 10\/1000"},"content":{"rendered":"<h2 class=\"ui-pdp-description__title\">Descri\u00e7\u00e3o<\/h2>\n<p class=\"ui-pdp-description__content\">Cabo de rede de \u00f3tima qualidade. Ideal para instala\u00e7\u00e3o residencial e empresarial, pois foi desenvolvido com a mais alta tecnologia na confec\u00e7\u00e3o de cabos patch cord, com \u00f3timo acabamento.<\/p>\n<p>Especifica\u00e7\u00f5es T\u00e9cnicas:<\/p>\n<p>Padr\u00e3o: CAT6<br \/>\nConectores montados: RJ45<br \/>\nPadr\u00e3o do cabo: UTP<br \/>\nCor: Azul<br \/>\nUso: Interno<br \/>\nRevestimento: PVC<br \/>\nTipo: LAN<br \/>\nProte\u00e7\u00e3o UV<br \/>\nComprimento do cabo: 3 metros<\/p>\n","protected":false},"excerpt":{"rendered":"<p>Descri\u00e7\u00e3o Cabo de rede de \u00f3tima qualidade. Ideal para instala\u00e7\u00e3o residencial e empresarial, pois foi desenvolvido com a mais alta tecnologia na confec\u00e7\u00e3o de cabos patch cord, com \u00f3timo acabamento. Especifica\u00e7\u00f5es T\u00e9cnicas: Padr\u00e3o: CAT6 Conectores montados: RJ45 Padr\u00e3o do cabo: UTP Cor: Azul Uso: Interno Revestimento: PVC Tipo: LAN Prote\u00e7\u00e3o UV Comprimento do cabo: 3 [&hellip;]\n","protected":false},"featured_media":29159,"comment_status":"open","ping_status":"closed","template":"","meta":{"_bbp_topic_count":0,"_bbp_reply_count":0,"_bbp_total_topic_count":0,"_bbp_total_reply_count":0,"_bbp_voice_count":0,"_bbp_anonymous_reply_count":0,"_bbp_topic_count_hidden":0,"_bbp_reply_count_hidden":0,"_bbp_forum_subforum_count":0,"_joinchat":[]},"product_brand":[],"product_cat":[106],"product_tag":[],"class_list":{"0":"post-29158","1":"product","2":"type-product","3":"status-publish","4":"has-post-thumbnail","6":"product_cat-cabos","8":"first","9":"instock","10":"taxable","11":"shipping-taxable","12":"purchasable","13":"product-type-simple"},"_links":{"self":[{"href":"https:\/\/www.saralinatacado.com.br\/loja\/wp-json\/wp\/v2\/product\/29158","targetHints":{"allow":["GET"]}}],"collection":[{"href":"https:\/\/www.saralinatacado.com.br\/loja\/wp-json\/wp\/v2\/product"}],"about":[{"href":"https:\/\/www.saralinatacado.com.br\/loja\/wp-json\/wp\/v2\/types\/product"}],"replies":[{"embeddable":true,"href":"https:\/\/www.saralinatacado.com.br\/loja\/wp-json\/wp\/v2\/comments?post=29158"}],"wp:featuredmedia":[{"embeddable":true,"href":"https:\/\/www.saralinatacado.com.br\/loja\/wp-json\/wp\/v2\/media\/29159"}],"wp:attachment":[{"href":"https:\/\/www.saralinatacado.com.br\/loja\/wp-json\/wp\/v2\/media?parent=29158"}],"wp:term":[{"taxonomy":"product_brand","embeddable":true,"href":"https:\/\/www.saralinatacado.com.br\/loja\/wp-json\/wp\/v2\/product_brand?post=29158"},{"taxonomy":"product_cat","embeddable":true,"href":"https:\/\/www.saralinatacado.com.br\/loja\/wp-json\/wp\/v2\/product_cat?post=29158"},{"taxonomy":"product_tag","embeddable":true,"href":"https:\/\/www.saralinatacado.com.br\/loja\/wp-json\/wp\/v2\/product_tag?post=29158"}],"curies":[{"name":"wp","href":"https:\/\/api.w.org\/{rel}","templated":true}]}}

<h2 class="ui-pdp-description__title">Descrição</h2>
<p class="ui-pdp-description__content">Cabo de rede de ótima qualidade. Ideal para instalação residencial e empresarial, pois foi desenvolvido com a mais alta tecnologia na confecção de cabos patch cord, com ótimo acabamento.</p>
<p>Especificações Técnicas:</p>
<p>Padrão: CAT6<br />
Conectores montados: RJ45<br />
Padrão do cabo: UTP<br />
Cor: Azul<br />
Uso: Interno<br />
Revestimento: PVC<br />
Tipo: LAN<br />
Proteção UV<br />
Comprimento do cabo: 3 metros</p>

<p>Descrição Cabo de rede de ótima qualidade. Ideal para instalação residencial e empresarial, pois foi desenvolvido com a mais alta tecnologia na confecção de cabos patch cord, com ótimo acabamento. Especificações Técnicas: Padrão: CAT6 Conectores montados: RJ45 Padrão do cabo: UTP Cor: Azul Uso: Interno Revestimento: PVC Tipo: LAN Proteção UV Comprimento do cabo: 3 [&hellip;]
