{"id":29153,"date":"2023-09-26T19:47:30","date_gmt":"2023-09-26T19:47:30","guid":{"rendered":"https:\/\/www.saralinatacado.com.br\/loja\/?post_type=product&#038;p=29153"},"modified":"2023-09-26T19:48:53","modified_gmt":"2023-09-26T19:48:53","slug":"cabo-hrebos-micro-usb-v8-2-metros","status":"publish","type":"product","link":"https:\/\/www.saralinatacado.com.br\/loja\/produto\/cabo-hrebos-micro-usb-v8-2-metros\/","title":{"rendered":"CABO HREBOS MICRO USB V8 2 METROS"},"content":{"rendered":"<p style=\"font-weight: 400;\">Cabo de dados para Samsung, Motorola, Xiaomi, Asus, entre outros.\u00a0 Compat\u00edvel para a transfer\u00eancia de dados e carregamento. Carregamento r\u00e1pido, qualidade e seguran\u00e7a. Alta qualidade e resist\u00eancia. Comprimento de 2 metros. Todos os produtos HRebos passam por criteriosos testes de qualidade, garantindo o melhor desempenho e durabilidade. Produto homologado pela Anatel.<\/p>\n<p style=\"font-weight: 400;\">Item incluso: Cabo USB Turbo V8 \/ Micro USB 2 Metros HRebos<\/p>\n<p style=\"font-weight: 400;\">Marca: Hrebos.<\/p>\n<p style=\"font-weight: 400;\">Peso: 45 gramas.<\/p>\n<p style=\"font-weight: 400;\">Dimens\u00f5es da embalagem: (L x A x P) 7,5 \/ 8 \/ 2 cm<\/p>\n<p style=\"font-weight: 400;\">Todos os produtos s\u00e3o bem embalados e protegidos. Possuem garantia de reembolso de sete (7) dias.<\/p>\n<p style=\"font-weight: 400;\">Importados NAVI Atacado \u2013 A sua loja de eletr\u00f4nicos completa e com o melhor pre\u00e7o.<\/p>\n<p style=\"font-weight: 400;\">Atendimento de Segunda a Sexta das 7h \u00e0s 17h.<\/p>\n","protected":false},"excerpt":{"rendered":"<p>Cabo de dados para Samsung, Motorola, Xiaomi, Asus, entre outros.\u00a0 Compat\u00edvel para a transfer\u00eancia de dados e carregamento. Carregamento r\u00e1pido, qualidade e seguran\u00e7a. Alta qualidade e resist\u00eancia. Comprimento de 2 metros. Todos os produtos HRebos passam por criteriosos testes de qualidade, garantindo o melhor desempenho e durabilidade. Produto homologado pela Anatel. Item incluso: Cabo USB [&hellip;]\n","protected":false},"featured_media":29156,"comment_status":"open","ping_status":"closed","template":"","meta":{"_bbp_topic_count":0,"_bbp_reply_count":0,"_bbp_total_topic_count":0,"_bbp_total_reply_count":0,"_bbp_voice_count":0,"_bbp_anonymous_reply_count":0,"_bbp_topic_count_hidden":0,"_bbp_reply_count_hidden":0,"_bbp_forum_subforum_count":0,"_joinchat":[]},"product_brand":[],"product_cat":[106],"product_tag":[],"class_list":{"0":"post-29153","1":"product","2":"type-product","3":"status-publish","4":"has-post-thumbnail","6":"product_cat-cabos","8":"first","9":"instock","10":"taxable","11":"shipping-taxable","12":"purchasable","13":"product-type-simple"},"_links":{"self":[{"href":"https:\/\/www.saralinatacado.com.br\/loja\/wp-json\/wp\/v2\/product\/29153","targetHints":{"allow":["GET"]}}],"collection":[{"href":"https:\/\/www.saralinatacado.com.br\/loja\/wp-json\/wp\/v2\/product"}],"about":[{"href":"https:\/\/www.saralinatacado.com.br\/loja\/wp-json\/wp\/v2\/types\/product"}],"replies":[{"embeddable":true,"href":"https:\/\/www.saralinatacado.com.br\/loja\/wp-json\/wp\/v2\/comments?post=29153"}],"wp:featuredmedia":[{"embeddable":true,"href":"https:\/\/www.saralinatacado.com.br\/loja\/wp-json\/wp\/v2\/media\/29156"}],"wp:attachment":[{"href":"https:\/\/www.saralinatacado.com.br\/loja\/wp-json\/wp\/v2\/media?parent=29153"}],"wp:term":[{"taxonomy":"product_brand","embeddable":true,"href":"https:\/\/www.saralinatacado.com.br\/loja\/wp-json\/wp\/v2\/product_brand?post=29153"},{"taxonomy":"product_cat","embeddable":true,"href":"https:\/\/www.saralinatacado.com.br\/loja\/wp-json\/wp\/v2\/product_cat?post=29153"},{"taxonomy":"product_tag","embeddable":true,"href":"https:\/\/www.saralinatacado.com.br\/loja\/wp-json\/wp\/v2\/product_tag?post=29153"}],"curies":[{"name":"wp","href":"https:\/\/api.w.org\/{rel}","templated":true}]}}

<p style="font-weight: 400;">Cabo de dados para Samsung, Motorola, Xiaomi, Asus, entre outros.  Compatível para a transferência de dados e carregamento. Carregamento rápido, qualidade e segurança. Alta qualidade e resistência. Comprimento de 2 metros. Todos os produtos HRebos passam por criteriosos testes de qualidade, garantindo o melhor desempenho e durabilidade. Produto homologado pela Anatel.</p>
<p style="font-weight: 400;">Item incluso: Cabo USB Turbo V8 / Micro USB 2 Metros HRebos</p>
<p style="font-weight: 400;">Marca: Hrebos.</p>
<p style="font-weight: 400;">Peso: 45 gramas.</p>
<p style="font-weight: 400;">Dimensões da embalagem: (L x A x P) 7,5 / 8 / 2 cm</p>
<p style="font-weight: 400;">Todos os produtos são bem embalados e protegidos. Possuem garantia de reembolso de sete (7) dias.</p>
<p style="font-weight: 400;">Importados NAVI Atacado – A sua loja de eletrônicos completa e com o melhor preço.</p>
<p style="font-weight: 400;">Atendimento de Segunda a Sexta das 7h às 17h.</p>

<p>Cabo de dados para Samsung, Motorola, Xiaomi, Asus, entre outros.  Compatível para a transferência de dados e carregamento. Carregamento rápido, qualidade e segurança. Alta qualidade e resistência. Comprimento de 2 metros. Todos os produtos HRebos passam por criteriosos testes de qualidade, garantindo o melhor desempenho e durabilidade. Produto homologado pela Anatel. Item incluso: Cabo USB [&hellip;]
