{"id":29124,"date":"2023-09-26T18:57:12","date_gmt":"2023-09-26T18:57:12","guid":{"rendered":"https:\/\/www.saralinatacado.com.br\/loja\/?post_type=product&#038;p=29124"},"modified":"2023-09-26T18:57:13","modified_gmt":"2023-09-26T18:57:13","slug":"carregador-usb-para-ipad-iphone-e-ipod-na-tomada-15w","status":"publish","type":"product","link":"https:\/\/www.saralinatacado.com.br\/loja\/produto\/carregador-usb-para-ipad-iphone-e-ipod-na-tomada-15w\/","title":{"rendered":"Carregador USB para iPad, iPhone e iPod na tomada 15w"},"content":{"rendered":"<p>Com o\u00a0<strong>Carregador USB para iPad, iPhone e iPod na tomada\u00a0<\/strong>voc\u00ea ter\u00e1 um equipamento com design moderno e super bonito. Compat\u00edvel com iPhone, iPad, iPod e Android, basta voc\u00ea conectar o cabo USB e carregar o seu aparelho na rede el\u00e9trica.\u00a0Carregador Bivolt.<\/p>\n<p><strong>Caracter\u00edsticas Gerais:<\/strong><\/p>\n<p>&nbsp;<\/p>\n<p>&#8211; Pot\u00eancia do Adaptador: 15W USB<\/p>\n<p>&#8211; Cor: Branco<\/p>\n<p>&#8211; Entrada: 100-240V \u2013 0.45A 50 \u2013 60Hz<\/p>\n<p>&#8211; Sa\u00edda: 5.1V 2.1 A<\/p>\n<p>&#8211; Embalagem contendo 1 Carregador USB<\/p>\n<p>&nbsp;<\/p>\n<p>Garantia\u00a0<strong>ION Cabos<\/strong>\u00a0de 3 meses<\/p>\n","protected":false},"excerpt":{"rendered":"<p>Com o\u00a0Carregador USB para iPad, iPhone e iPod na tomada\u00a0voc\u00ea ter\u00e1 um equipamento com design moderno e super bonito. Compat\u00edvel com iPhone, iPad, iPod e Android, basta voc\u00ea conectar o cabo USB e carregar o seu aparelho na rede el\u00e9trica.\u00a0Carregador Bivolt. Caracter\u00edsticas Gerais: &nbsp; &#8211; Pot\u00eancia do Adaptador: 15W USB &#8211; Cor: Branco &#8211; Entrada: [&hellip;]\n","protected":false},"featured_media":29125,"comment_status":"open","ping_status":"closed","template":"","meta":{"_bbp_topic_count":0,"_bbp_reply_count":0,"_bbp_total_topic_count":0,"_bbp_total_reply_count":0,"_bbp_voice_count":0,"_bbp_anonymous_reply_count":0,"_bbp_topic_count_hidden":0,"_bbp_reply_count_hidden":0,"_bbp_forum_subforum_count":0,"_joinchat":[]},"product_brand":[],"product_cat":[208],"product_tag":[],"class_list":{"0":"post-29124","1":"product","2":"type-product","3":"status-publish","4":"has-post-thumbnail","6":"product_cat-carregadores","8":"first","9":"instock","10":"taxable","11":"shipping-taxable","12":"purchasable","13":"product-type-simple"},"_links":{"self":[{"href":"https:\/\/www.saralinatacado.com.br\/loja\/wp-json\/wp\/v2\/product\/29124","targetHints":{"allow":["GET"]}}],"collection":[{"href":"https:\/\/www.saralinatacado.com.br\/loja\/wp-json\/wp\/v2\/product"}],"about":[{"href":"https:\/\/www.saralinatacado.com.br\/loja\/wp-json\/wp\/v2\/types\/product"}],"replies":[{"embeddable":true,"href":"https:\/\/www.saralinatacado.com.br\/loja\/wp-json\/wp\/v2\/comments?post=29124"}],"wp:featuredmedia":[{"embeddable":true,"href":"https:\/\/www.saralinatacado.com.br\/loja\/wp-json\/wp\/v2\/media\/29125"}],"wp:attachment":[{"href":"https:\/\/www.saralinatacado.com.br\/loja\/wp-json\/wp\/v2\/media?parent=29124"}],"wp:term":[{"taxonomy":"product_brand","embeddable":true,"href":"https:\/\/www.saralinatacado.com.br\/loja\/wp-json\/wp\/v2\/product_brand?post=29124"},{"taxonomy":"product_cat","embeddable":true,"href":"https:\/\/www.saralinatacado.com.br\/loja\/wp-json\/wp\/v2\/product_cat?post=29124"},{"taxonomy":"product_tag","embeddable":true,"href":"https:\/\/www.saralinatacado.com.br\/loja\/wp-json\/wp\/v2\/product_tag?post=29124"}],"curies":[{"name":"wp","href":"https:\/\/api.w.org\/{rel}","templated":true}]}}

<p>Com o <strong>Carregador USB para iPad, iPhone e iPod na tomada </strong>você terá um equipamento com design moderno e super bonito. Compatível com iPhone, iPad, iPod e Android, basta você conectar o cabo USB e carregar o seu aparelho na rede elétrica. Carregador Bivolt.</p>
<p><strong>Características Gerais:</strong></p>
<p>&nbsp;</p>
<p>&#8211; Potência do Adaptador: 15W USB</p>
<p>&#8211; Cor: Branco</p>
<p>&#8211; Entrada: 100-240V – 0.45A 50 – 60Hz</p>
<p>&#8211; Saída: 5.1V 2.1 A</p>
<p>&#8211; Embalagem contendo 1 Carregador USB</p>
<p>&nbsp;</p>
<p>Garantia <strong>ION Cabos</strong> de 3 meses</p>

<p>Com o Carregador USB para iPad, iPhone e iPod na tomada você terá um equipamento com design moderno e super bonito. Compatível com iPhone, iPad, iPod e Android, basta você conectar o cabo USB e carregar o seu aparelho na rede elétrica. Carregador Bivolt. Características Gerais: &nbsp; &#8211; Potência do Adaptador: 15W USB &#8211; Cor: Branco &#8211; Entrada: [&hellip;]
