{"id":29103,"date":"2023-09-23T13:30:29","date_gmt":"2023-09-23T13:30:29","guid":{"rendered":"https:\/\/www.saralinatacado.com.br\/loja\/?post_type=product&#038;p=29103"},"modified":"2023-09-23T13:30:29","modified_gmt":"2023-09-23T13:30:29","slug":"case-hd-2-5-externo-usb-3-0-ultra-sata-notebook-xbox-ps4-pc","status":"publish","type":"product","link":"https:\/\/www.saralinatacado.com.br\/loja\/produto\/case-hd-2-5-externo-usb-3-0-ultra-sata-notebook-xbox-ps4-pc\/","title":{"rendered":"Case Hd 2.5 Externo Usb 3.0 Ultra Sata Notebook Xbox Ps4 Pc"},"content":{"rendered":"<p>CASE SATA HD 2,5 KP-HD013 &#8211; KNUP<\/p>\n<p>CARACTER\u00cdSTICAS:<br \/>\n&#8211; Compat\u00edvel com PC e consoles de videogame<br \/>\n&#8211; Conex\u00e3o USB 3.0, 2.0 e 1.1<br \/>\n&#8211; Alta velocidade na transfer\u00eancia de dados<br \/>\n&#8211; Ideal para transfer\u00eancia de arquivos e backup<br \/>\n&#8211; Compat\u00edvel com Windows XP\/Vista\/7\/8\/10, Linux e Mac OS 9.1 ou superior<br \/>\n&#8211; N\u00e3o requer alimenta\u00e7\u00e3o externa<\/p>\n<p>ESPECIFICA\u00c7\u00d5ES:<br \/>\n&#8211; HD compat\u00edvel: SATA 2,5\u201d<br \/>\n&#8211; Formatos compat\u00edveis: SATA I\/II HDD<br \/>\n&#8211; Capacidade m\u00e1xima: 4TB<br \/>\n&#8211; Conex\u00e3o: USB 3.0<br \/>\n&#8211; Taxa de transfer\u00eancia de dados: 5Gbps<br \/>\n&#8211; Alimenta\u00e7\u00e3o: 5Vdc (via porta USB)<\/p>\n<p>ITENS INCLUSOS:<br \/>\n&#8211; 1 Case<br \/>\n&#8211; 1 Cabo SATA<br \/>\n&#8211; 1 Capa Protetora<\/p>\n<p>* IMPORTANTE<br \/>\n&#8211; N\u00e3o acompanha HD<\/p>\n","protected":false},"excerpt":{"rendered":"<p>CASE SATA HD 2,5 KP-HD013 &#8211; KNUP CARACTER\u00cdSTICAS: &#8211; Compat\u00edvel com PC e consoles de videogame &#8211; Conex\u00e3o USB 3.0, 2.0 e 1.1 &#8211; Alta velocidade na transfer\u00eancia de dados &#8211; Ideal para transfer\u00eancia de arquivos e backup &#8211; Compat\u00edvel com Windows XP\/Vista\/7\/8\/10, Linux e Mac OS 9.1 ou superior &#8211; N\u00e3o requer alimenta\u00e7\u00e3o externa [&hellip;]\n","protected":false},"featured_media":29109,"comment_status":"open","ping_status":"closed","template":"","meta":{"_bbp_topic_count":0,"_bbp_reply_count":0,"_bbp_total_topic_count":0,"_bbp_total_reply_count":0,"_bbp_voice_count":0,"_bbp_anonymous_reply_count":0,"_bbp_topic_count_hidden":0,"_bbp_reply_count_hidden":0,"_bbp_forum_subforum_count":0,"_joinchat":[]},"product_brand":[],"product_cat":[107],"product_tag":[],"class_list":{"0":"post-29103","1":"product","2":"type-product","3":"status-publish","4":"has-post-thumbnail","6":"product_cat-acessorios","8":"first","9":"instock","10":"taxable","11":"shipping-taxable","12":"purchasable","13":"product-type-simple"},"_links":{"self":[{"href":"https:\/\/www.saralinatacado.com.br\/loja\/wp-json\/wp\/v2\/product\/29103","targetHints":{"allow":["GET"]}}],"collection":[{"href":"https:\/\/www.saralinatacado.com.br\/loja\/wp-json\/wp\/v2\/product"}],"about":[{"href":"https:\/\/www.saralinatacado.com.br\/loja\/wp-json\/wp\/v2\/types\/product"}],"replies":[{"embeddable":true,"href":"https:\/\/www.saralinatacado.com.br\/loja\/wp-json\/wp\/v2\/comments?post=29103"}],"wp:featuredmedia":[{"embeddable":true,"href":"https:\/\/www.saralinatacado.com.br\/loja\/wp-json\/wp\/v2\/media\/29109"}],"wp:attachment":[{"href":"https:\/\/www.saralinatacado.com.br\/loja\/wp-json\/wp\/v2\/media?parent=29103"}],"wp:term":[{"taxonomy":"product_brand","embeddable":true,"href":"https:\/\/www.saralinatacado.com.br\/loja\/wp-json\/wp\/v2\/product_brand?post=29103"},{"taxonomy":"product_cat","embeddable":true,"href":"https:\/\/www.saralinatacado.com.br\/loja\/wp-json\/wp\/v2\/product_cat?post=29103"},{"taxonomy":"product_tag","embeddable":true,"href":"https:\/\/www.saralinatacado.com.br\/loja\/wp-json\/wp\/v2\/product_tag?post=29103"}],"curies":[{"name":"wp","href":"https:\/\/api.w.org\/{rel}","templated":true}]}}