{"id":29093,"date":"2023-09-23T13:12:26","date_gmt":"2023-09-23T13:12:26","guid":{"rendered":"https:\/\/www.saralinatacado.com.br\/loja\/?post_type=product&#038;p=29093"},"modified":"2023-09-26T19:39:24","modified_gmt":"2023-09-26T19:39:24","slug":"games-retro-stick-2-controles-sem-fio-com-jogos-classicos","status":"publish","type":"product","link":"https:\/\/www.saralinatacado.com.br\/loja\/produto\/games-retro-stick-2-controles-sem-fio-com-jogos-classicos\/","title":{"rendered":"Games Retr\u00f4 Stick 2 Controles Sem Fio Com Jogos Cl\u00e1ssicos"},"content":{"rendered":"<h2 class=\"ui-pdp-description__title\">Descri\u00e7\u00e3o<\/h2>\n<p>10 jogos retro.<\/p>\n<p class=\"ui-pdp-description__content\">Controle preciso<br \/>\nEste controle combina fun\u00e7\u00f5es revolucion\u00e1rias, preservando precis\u00e3o, conforto e exatid\u00e3o em cada movimento. Gra\u00e7as \u00e0 sua ergonomia especialmente projetada para a posi\u00e7\u00e3o da sua m\u00e3o, voc\u00ea pode passar horas jogando com total conforto.<\/p>\n<p>Maior conforto e realismo<br \/>\nPermite que voc\u00ea jogue sem a necessidade de cabos no meio. Ele \u00e9 projetado n\u00e3o s\u00f3 para controlar melhor seus videogames, mas tamb\u00e9m para aumentar seu realismo e experi\u00eancia.<\/p>\n<p>Ativa o Bluetooth<br \/>\nPossui uma conex\u00e3o Bluetooth de alta tecnologia para uso em qualquer computador ou dispositivo; voc\u00ea n\u00e3o precisar\u00e1 mais de aplicativos de terceiros ou cabo USB. Al\u00e9m disso, possui uma grande capacidade anti<\/p>\n<p class=\"ui-pdp-description__content\">-interfer\u00eancia, f\u00e1cil manuseio e sinal de conex\u00e3o est\u00e1vel.<\/p>\n","protected":false},"excerpt":{"rendered":"<p>Descri\u00e7\u00e3o 10 jogos retro. Controle preciso Este controle combina fun\u00e7\u00f5es revolucion\u00e1rias, preservando precis\u00e3o, conforto e exatid\u00e3o em cada movimento. Gra\u00e7as \u00e0 sua ergonomia especialmente projetada para a posi\u00e7\u00e3o da sua m\u00e3o, voc\u00ea pode passar horas jogando com total conforto. Maior conforto e realismo Permite que voc\u00ea jogue sem a necessidade de cabos no meio. Ele [&hellip;]\n","protected":false},"featured_media":29096,"comment_status":"open","ping_status":"closed","template":"","meta":{"_bbp_topic_count":0,"_bbp_reply_count":0,"_bbp_total_topic_count":0,"_bbp_total_reply_count":0,"_bbp_voice_count":0,"_bbp_anonymous_reply_count":0,"_bbp_topic_count_hidden":0,"_bbp_reply_count_hidden":0,"_bbp_forum_subforum_count":0,"_joinchat":[]},"product_brand":[],"product_cat":[174],"product_tag":[],"class_list":{"0":"post-29093","1":"product","2":"type-product","3":"status-publish","4":"has-post-thumbnail","6":"product_cat-game","8":"first","9":"instock","10":"taxable","11":"shipping-taxable","12":"purchasable","13":"product-type-simple"},"_links":{"self":[{"href":"https:\/\/www.saralinatacado.com.br\/loja\/wp-json\/wp\/v2\/product\/29093","targetHints":{"allow":["GET"]}}],"collection":[{"href":"https:\/\/www.saralinatacado.com.br\/loja\/wp-json\/wp\/v2\/product"}],"about":[{"href":"https:\/\/www.saralinatacado.com.br\/loja\/wp-json\/wp\/v2\/types\/product"}],"replies":[{"embeddable":true,"href":"https:\/\/www.saralinatacado.com.br\/loja\/wp-json\/wp\/v2\/comments?post=29093"}],"wp:featuredmedia":[{"embeddable":true,"href":"https:\/\/www.saralinatacado.com.br\/loja\/wp-json\/wp\/v2\/media\/29096"}],"wp:attachment":[{"href":"https:\/\/www.saralinatacado.com.br\/loja\/wp-json\/wp\/v2\/media?parent=29093"}],"wp:term":[{"taxonomy":"product_brand","embeddable":true,"href":"https:\/\/www.saralinatacado.com.br\/loja\/wp-json\/wp\/v2\/product_brand?post=29093"},{"taxonomy":"product_cat","embeddable":true,"href":"https:\/\/www.saralinatacado.com.br\/loja\/wp-json\/wp\/v2\/product_cat?post=29093"},{"taxonomy":"product_tag","embeddable":true,"href":"https:\/\/www.saralinatacado.com.br\/loja\/wp-json\/wp\/v2\/product_tag?post=29093"}],"curies":[{"name":"wp","href":"https:\/\/api.w.org\/{rel}","templated":true}]}}