{"id":29063,"date":"2023-09-20T14:40:31","date_gmt":"2023-09-20T14:40:31","guid":{"rendered":"https:\/\/www.saralinatacado.com.br\/loja\/?post_type=product&#038;p=29063"},"modified":"2023-09-20T14:40:31","modified_gmt":"2023-09-20T14:40:31","slug":"antena-tv-digital-hdtv-interna-externa-3-5-dbi-com-cabo-5-metro-lukton","status":"publish","type":"product","link":"https:\/\/www.saralinatacado.com.br\/loja\/produto\/antena-tv-digital-hdtv-interna-externa-3-5-dbi-com-cabo-5-metro-lukton\/","title":{"rendered":"Antena TV Digital HDTV Interna\/Externa 3.5 DBI Com Cabo 5 Metro &#8211; lukton"},"content":{"rendered":"<p><span class=\"sc-kpDqfm qhIEo\" data-testid=\"product-detail-title\">Antena TV Digital HDTV Interna\/Externa 3.5 DBI Com Cabo 5 Metro<\/span><\/p>\n<p>&nbsp;<\/p>\n<div class=\"sc-fqkvVR heuZyN sc-dnvZjJ dtJjfe\" data-testid=\"product-detail-description\">\n<div class=\"sc-fqkvVR hlqElk sc-jcdlHQ cxsdMT\" data-testid=\"rich-content-container\">&#8211; Antena Digital HDTV Interna\/Externa 3.5 DBI Com Cabo 5 Metro<\/div>\n<div class=\"sc-fqkvVR hlqElk sc-jcdlHQ cxsdMT\" data-testid=\"rich-content-container\">&#8211; Altomex Antena digital hdtv com o melhor desempenho do mercado, supercompacta, basta rosquear. Capta sinais em vhf, uhf, fm e hdtv digital, proporcionando assim muito mais op\u00e7\u00f5es de entretenimento e qualidade de imagem, tudo em alta defini\u00e7\u00e3o. Pode ser instalada em ambientes internos ou externos e acompanha cabo de 5 metros, tudo o que voc\u00ea precisa em um \u00fanico produto.\u00a0 Compacta, apresenta design funcional, moderno e ainda \u00e9 compat\u00edvel com todos os modelos de tvs e conversores digitais dispon\u00edveis no mercado. Resistente a exposi\u00e7\u00e3o solar e a chuva, base com im\u00e3, recep\u00e7\u00e3o de sinal 360 graus. Especifica\u00e7\u00f5es t\u00e9cnicas: Frequ\u00eancia: 470<\/div>\n<div data-testid=\"rich-content-container\"><\/div>\n<div class=\"sc-fqkvVR hlqElk sc-jcdlHQ cxsdMT\" data-testid=\"rich-content-container\">-862 Mhz Imped\u00e2ncia: 75 ohms Ganho: 4 dbI Instala\u00e7\u00e3o: interna e externa Comprimento do cabo: 5 metros<\/div>\n<\/div>\n","protected":false},"excerpt":{"rendered":"<p>Antena TV Digital HDTV Interna\/Externa 3.5 DBI Com Cabo 5 Metro &nbsp; &#8211; Antena Digital HDTV Interna\/Externa 3.5 DBI Com Cabo 5 Metro &#8211; Altomex Antena digital hdtv com o melhor desempenho do mercado, supercompacta, basta rosquear. Capta sinais em vhf, uhf, fm e hdtv digital, proporcionando assim muito mais op\u00e7\u00f5es de entretenimento e qualidade [&hellip;]\n","protected":false},"featured_media":29066,"comment_status":"open","ping_status":"closed","template":"","meta":{"_bbp_topic_count":0,"_bbp_reply_count":0,"_bbp_total_topic_count":0,"_bbp_total_reply_count":0,"_bbp_voice_count":0,"_bbp_anonymous_reply_count":0,"_bbp_topic_count_hidden":0,"_bbp_reply_count_hidden":0,"_bbp_forum_subforum_count":0,"_joinchat":[]},"product_brand":[],"product_cat":[98],"product_tag":[],"class_list":{"0":"post-29063","1":"product","2":"type-product","3":"status-publish","4":"has-post-thumbnail","6":"product_cat-antenas-para-tv","8":"first","9":"instock","10":"taxable","11":"shipping-taxable","12":"purchasable","13":"product-type-simple"},"_links":{"self":[{"href":"https:\/\/www.saralinatacado.com.br\/loja\/wp-json\/wp\/v2\/product\/29063","targetHints":{"allow":["GET"]}}],"collection":[{"href":"https:\/\/www.saralinatacado.com.br\/loja\/wp-json\/wp\/v2\/product"}],"about":[{"href":"https:\/\/www.saralinatacado.com.br\/loja\/wp-json\/wp\/v2\/types\/product"}],"replies":[{"embeddable":true,"href":"https:\/\/www.saralinatacado.com.br\/loja\/wp-json\/wp\/v2\/comments?post=29063"}],"wp:featuredmedia":[{"embeddable":true,"href":"https:\/\/www.saralinatacado.com.br\/loja\/wp-json\/wp\/v2\/media\/29066"}],"wp:attachment":[{"href":"https:\/\/www.saralinatacado.com.br\/loja\/wp-json\/wp\/v2\/media?parent=29063"}],"wp:term":[{"taxonomy":"product_brand","embeddable":true,"href":"https:\/\/www.saralinatacado.com.br\/loja\/wp-json\/wp\/v2\/product_brand?post=29063"},{"taxonomy":"product_cat","embeddable":true,"href":"https:\/\/www.saralinatacado.com.br\/loja\/wp-json\/wp\/v2\/product_cat?post=29063"},{"taxonomy":"product_tag","embeddable":true,"href":"https:\/\/www.saralinatacado.com.br\/loja\/wp-json\/wp\/v2\/product_tag?post=29063"}],"curies":[{"name":"wp","href":"https:\/\/api.w.org\/{rel}","templated":true}]}}